ided by 79?
45
Calculate the remainder when 47 is divided by 6.
5
What is the remainder when 92 is divided by 32?
28
What is the remainder when 1106 is divided by 150?
56
What is the remainder when 13 is divided by 4?
1
What is the remainder when 42 is divided by 16?
10
Calculate the remainder when 109 is divided by 10.
9
What is the remainder when 1064 is divided by 15?
14
Calculate the remainder when 39 is divided by 15.
9
Calculate the remainder when 1752 is divided by 64.
24
Calculate the remainder when 263 is divided by 12.
11
Calculate the remainder when 40 is divided by 15.
10
Calculate the remainder when 138 is divided by 37.
27
What is the remainder when 12316 is divided by 224?
220
What is the remainder when 7149 is divided by 143?
142
Calculate the remainder when 826 is divided by 69.
67
What is the remainder when 507 is divided by 17?
14
What is the remainder when 2808 is divided by 79?
43
Calculate the remainder when 42115 is divided by 15.
10
Calculate the remainder when 7310 is divided by 133.
128
What is the remainder when 823 is divided by 73?
20
What is the remainder when 273 is divided by 154?
119
What is the remainder when 286 is divided by 98?
90
What is the remainder when 104 is divided by 32?
8
Calculate the remainder when 8 is divided by 6.
2
What is the remainder when 3271 is divided by 164?
155
What is the remainder when 942 is divided by 128?
46
Calculate the remainder when 2757 is divided by 39.
27
What is the remainder when 143 is divided by 95?
48
Calculate the remainder when 192 is divided by 44.
16
What is the remainder when 583 is divided by 71?
15
Calculate the remainder when 2383 is divided by 56.
31
What is the remainder when 571 is divided by 11?
10
What is the remainder when 429 is divided by 43?
42
Calculate the remainder when 523 is divided by 174.
1
What is the remainder when 415 is divided by 214?
201
Calculate the remainder when 412 is divided by 17.
4
Calculate the remainder when 1639 is divided by 135.
19
Calculate the remainder when 218 is divided by 28.
22
What is the remainder when 128 is divided by 52?
24
Calculate the remainder when 46 is divided by 7.
4
Calculate the remainder when 540 is divided by 104.
20
What is the remainder when 170 is divided by 26?
14
Calculate the remainder when 386 is divided by 103.
77
What is the remainder when 256 is divided by 20?
16
What is the remainder when 727 is divided by 28?
27
Calculate the remainder when 97 is divided by 11.
9
What is the remainder when 95 is divided by 14?
11
Calculate the remainder when 117 is divided by 18.
9
What is the remainder when 27 is divided by 8?
3
Calculate the remainder when 25311 is divided by 224.
223
Calculate the remainder when 270 is divided by 21.
18
Calculate the remainder when 147 is divided by 44.
15
Calculate the remainder when 1485 is divided by 48.
45
What is the remainder when 730 is divided by 234?
28
What is the remainder when 257 is divided by 95?
67
What is the remainder when 898 is divided by 60?
58
Calculate the remainder when 1793 is divided by 100.
93
What is the remainder when 15919 is divided by 80?
79
What is the remainder when 1395 is divided by 176?
163
Calculate the remainder when 1847 is divided by 14.
13
Calculate the remainder when 87 is divided by 71.
16
Calculate the remainder when 11 is divided by 4.
3
What is the remainder when 2818 is divided by 939?
1
Calculate the remainder when 152 is divided by 78.
74
What is the remainder when 1615 is divided by 135?
130
What is the remainder when 4075 is divided by 120?
115
Calculate the remainder when 3385 is divided by 121.
118
What is the remainder when 200 is divided by 38?
10
What is the remainder when 25 is divided by 12?
1
What is the remainder when 1811 is divided by 37?
35
What is the remainder when 250 is divided by 229?
21
Calculate the remainder when 553 is divided by 228.
97
Calculate the remainder when 1003 is divided by 383.
237
What is the remainder when 4229 is divided by 265?
254
Calculate the remainder when 28 is divided by 25.
3
Calculate the remainder when 277 is divided by 93.
91
What is the remainder when 263 is divided by 168?
95
What is the remainder when 113 is divided by 78?
35
What is the remainder when 350 is divided by 8?
6
What is the remainder when 86 is divided by 11?
9
Calculate the remainder when 107 is divided by 40.
27
Calculate the remainder when 65 is divided by 18.
11
What is the remainder when 199 is divided by 23?
15
What is the remainder when 48 is divided by 37?
11
Calculate the remainder when 44 is divided by 24.
20
What is the remainder when 134 is divided by 116?
18
Calculate the remainder when 176 is divided by 170.
6
Calculate the remainder when 66 is divided by 9.
3
Calculate the remainder when 227 is divided by 123.
104
Calculate the remainder when 628 is divided by 608.
20
What is the remainder when 120 is divided by 16?
8
What is the remainder when 924 is divided by 32?
28
What is the remainder when 1222 is divided by 36?
34
What is the remainder when 3071 is divided by 64?
63
Calculate the remainder when 790 is divided by 24.
22
Calculate the remainder when 686 is divided by 117.
101
Calculate the remainder when 3609 is divided by 12.
9
What is the remainder when 72 is divided by 11?
6
What is the remainder when 67 is divided by 18?
13
Calculate the remainder when 6124 is divided by 7.
6
What is the remainder when 184 is divided by 35?
9
Calculate the remainder when 87 is divided by 22.
21
What is the remainder when 49 is divided by 27?
22
What is the remainder when 56 is divided by 46?
10
What is the remainder when 95 is divided by 20?
15
What is the remainder when 428 is divided by 124?
56
What is the remainder when 14 is divided by 8?
6
What is the remainder when 348 is divided by 7?
5
What is the remainder when 35 is divided by 14?
7
Calculate the remainder when 85 is divided by 20.
5
Calculate the remainder when 73 is divided by 29.
15
Calculate the remainder when 2349 is divided by 56.
53
What is the remainder when 475 is divided by 72?
43
What is the remainder when 613 is divided by 189?
46
What is the remainder when 89 is divided by 16?
9
What is the remainder when 60 is divided by 7?
4
Calculate the remainder when 352 is divided by 32.
0
What is the remainder when 1110 is divided by 368?
6
What is the remainder when 269 is divided by 17?
14
What is the remainder when 262 is divided by 19?
15
What is the remainder when 2678 is divided by 96?
86
Calculate the remainder when 733 is divided by 80.
13
Calculate the remainder when 477 is divided by 122.
111
What is the remainder when 1647 is divided by 36?
27
Calculate the remainder when 383 is divided by 35.
33
Calculate the remainder when 846 is divided by 278.
12
Calculate the remainder when 1260 is divided by 53.
41
Calculate the remainder when 7739 is divided by 10.
9
What is the remainder when 405 is divided by 53?
34
Calculate the remainder when 359 is divided by 118.
5
Calculate the remainder when 319 is divided by 80.
79
What is the remainder when 1733 is divided by 145?
138
Calculate the remainder when 598 is divided by 308.
290
What is the remainder when 282 is divided by 135?
12
Calculate the remainder when 11682 is divided by 127.
125
Calculate the remainder when 368 is divided by 53.
50
Calculate the remainder when 1551 is divided by 74.
71
What is the remainder when 65 is divided by 61?
4
Calculate the remainder when 118 is divided by 28.
6
What is the remainder when 6715 is divided by 6692?
23
Calculate the remainder when 370 is divided by 96.
82
What is the remainder when 2410 is divided by 25?
10
What is the remainder when 211 is divided by 17?
7
Calculate the remainder when 1379 is divided by 54.
29
Calculate the remainder when 541 is divided by 61.
53
What is the remainder when 38079 is divided by 170?
169
Calculate the remainder when 215 is divided by 38.
25
Calculate the remainder when 1990 is divided by 24.
22
What is the remainder when 6862 is divided by 9?
4
What is the remainder when 515 is divided by 86?
85
What is the remainder when 53 is divided by 17?
2
What is the remainder when 54 is divided by 19?
16
Calculate the remainder when 8879 is divided by 189.
185
Calculate the remainder when 86 is divided by 44.
42